of 31255 and 37800690.
4465
Calculate the highest common divisor of 680 and 3983620.
20
What is the greatest common factor of 7342931 and 5013?
557
Calculate the greatest common factor of 26625 and 1593240.
1065
What is the greatest common factor of 10460 and 68297524?
2092
Calculate the greatest common factor of 102506224 and 48.
16
Calculate the greatest common divisor of 820 and 72052.
4
What is the greatest common divisor of 25987 and 26156?
13
Calculate the greatest common factor of 3537 and 1506369.
393
Calculate the highest common factor of 1377 and 31877091.
459
What is the highest common divisor of 11718 and 1599318?
378
What is the greatest common factor of 3228 and 26212974?
1614
Calculate the highest common divisor of 6 and 424701138.
6
What is the highest common factor of 121706062 and 62?
62
What is the greatest common divisor of 2148 and 945657?
537
What is the greatest common divisor of 47660853 and 1067?
97
What is the greatest common divisor of 3272 and 12638918?
818
What is the highest common divisor of 622028 and 247632?
2948
Calculate the greatest common factor of 4183405 and 740.
185
What is the greatest common factor of 38457472 and 256?
128
Calculate the greatest common divisor of 584818 and 1411.
83
Calculate the highest common factor of 116 and 128099467.
29
Calculate the greatest common divisor of 232 and 3213904.
8
Calculate the highest common divisor of 306956160 and 280.
280
What is the greatest common divisor of 2 and 2443262?
2
What is the greatest common factor of 260 and 43959370?
130
Calculate the highest common factor of 2067600 and 2850.
150
What is the highest common divisor of 174 and 143521029?
87
Calculate the greatest common factor of 172695 and 17980.
145
What is the greatest common divisor of 3622 and 30238267?
1811
Calculate the greatest common factor of 27310 and 73690.
10
What is the highest common factor of 839318 and 37091?
29
What is the highest common divisor of 103707 and 35671367?
3841
What is the greatest common factor of 226 and 210733813?
113
Calculate the highest common divisor of 8244 and 4035.
3
What is the greatest common divisor of 157934766 and 30930?
6186
What is the highest common divisor of 36080 and 161205?
55
Calculate the greatest common factor of 85146 and 426558.
138
What is the greatest common factor of 903310052 and 1528?
764
Calculate the greatest common factor of 138089232 and 324.
108
Calculate the highest common factor of 836 and 12194276.
76
Calculate the highest common divisor of 62305 and 6885.
85
Calculate the highest common factor of 8 and 3502706.
2
Calculate the greatest common divisor of 1956456 and 300.
12
Calculate the highest common factor of 25132 and 387692.
412
Calculate the highest common factor of 369 and 67963281.
123
Calculate the highest common divisor of 14094 and 8627210.
58
What is the greatest common factor of 66190 and 160?
10
Calculate the greatest common factor of 3100 and 20246224.
124
Calculate the greatest common factor of 33 and 7576404.
33
Calculate the highest common factor of 732 and 195507.
3
Calculate the highest common divisor of 5870244 and 46.
46
Calculate the highest common factor of 3852320 and 2048.
32
Calculate the greatest common divisor of 610 and 842158680.
610
Calculate the highest common divisor of 441 and 1002897.
63
Calculate the greatest common factor of 231889786 and 226.
226
Calculate the greatest common factor of 1914 and 1990098.
66
What is the highest common divisor of 365 and 663?
1
Calculate the highest common divisor of 662140 and 1090.
10
Calculate the highest common divisor of 35 and 458969.
7
Calculate the greatest common factor of 2653213 and 48617.
797
Calculate the highest common factor of 2093 and 99567.
299
What is the greatest common factor of 1158486 and 1134?
42
What is the highest common factor of 17916870 and 23765?
485
What is the greatest common divisor of 665 and 34247759?
7
What is the highest common factor of 1 and 3177901?
1
What is the greatest common factor of 7767837 and 17061?
363
What is the greatest common factor of 2927728 and 3280?
656
What is the highest common factor of 817 and 727092?
19
Calculate the highest common factor of 72 and 2760252.
12
Calculate the highest common divisor of 668 and 27892507.
167
What is the highest common divisor of 38 and 186432389?
19
What is the highest common factor of 5699211 and 13387?
1217
Calculate the highest common divisor of 31713602 and 34.
34
What is the highest common divisor of 2529 and 2802413?
281
Calculate the highest common divisor of 350008776 and 1296.
648
Calculate the greatest common factor of 2758844000 and 160.
160
What is the highest common divisor of 145171013 and 377?
377
Calculate the highest common divisor of 53669 and 5149067.
3157
Calculate the highest common factor of 133558080 and 4.
4
Calculate the greatest common divisor of 777101 and 85254.
13
Calculate the greatest common factor of 6548 and 691314922.
3274
What is the greatest common divisor of 27523 and 10217?
17
Calculate the greatest common factor of 92700 and 109125.
225
Calculate the highest common divisor of 5502 and 4063882.
262
Calculate the highest common factor of 81 and 146610081.
81
What is the highest common factor of 315870 and 3390?
30
Calculate the highest common divisor of 968932 and 3366.
34
Calculate the greatest common factor of 286 and 16463414.
22
What is the highest common divisor of 510952 and 494624?
104
Calculate the greatest common divisor of 253828 and 1660117.
2047
What is the highest common factor of 12578 and 7846024?
662
What is the highest common factor of 9802573 and 33?
11
Calculate the greatest common divisor of 551 and 113936041.
29
What is the highest common divisor of 14150 and 19150?
50
Calculate the highest common divisor of 305180 and 28660.
20
What is the highest common factor of 546 and 8299109?
91
Calculate the greatest common factor of 3689961 and 2387.
341
Calculate the highest common divisor of 41450 and 172191590.
8290
Calculate the highest common factor of 1106703 and 5913.
81
What is the highest common factor of 427 and 10799623?
61
What is the highest common factor of 120872250 and 4230?
4230
What is the greatest common divisor of 20 and 4942104660?
20
Calculate the greatest common factor of 7 and 11136300.
7
Calculate the highest common divisor of 2022 and 174461193.
1011
What is the highest common factor of 7552 and 39011744?
1888
Calculate the highest common divisor of 11167033 and 1.
1
What is the greatest common divisor of 68795613 and 135?
9
Calculate the highest common divisor of 19607 and 271240437.
2801
What is the greatest common factor of 1590012 and 1073?
29
What is the highest common factor of 34 and 18520412?
34
Calculate the greatest common divisor of 40470 and 7095030.
2130
What is the greatest common divisor of 379837297 and 7?
7
What is the highest common divisor of 1705 and 1155835?
155
What is the greatest common factor of 172857226 and 116?
58
Calculate the highest common factor of 13562385 and 3134.
1567
Calculate the highest common factor of 153345612 and 3108.
3108
What is the greatest common factor of 64 and 5241266?
2
Calculate the greatest common divisor of 36875514 and 78.
78
What is the highest common factor of 4623 and 82427487?
201
Calculate the greatest common factor of 27 and 15656301.
27
Calculate the highest common divisor of 247637844 and 87.
87
What is the greatest common divisor of 212 and 5922326?
106
What is the greatest common divisor of 806975 and 1391?
13
What is the greatest common factor of 424 and 1975161388?
212
Calculate the highest common divisor of 44 and 420188142.
22
What is the highest common factor of 93157 and 83049?
19
Calculate the highest common factor of 9250 and 46930.
10
What is the greatest common divisor of 609 and 9021523?
203
What is the greatest common factor of 483 and 3863839?
161
Calculate the highest common divisor of 502832 and 1584.
176
What is the highest common factor of 1766147127 and 129?
129
What is the greatest common divisor of 5355 and 666553?
17
What is the greatest common factor of 1796 and 291474187?
449
Calculate the greatest common factor of 154224 and 17731.
119
Calculate the greatest common divisor of 170188 and 228182.
542
Wha